e -52 = -5*g - 17. Suppose -g*s + 300 = -2*s. Suppose -2*u - u + s = 0. What is the units digit of u?
0
Let m(w) = 3*w**2 + 17*w - 1. What is the units digit of m(14)?
5
Let r = 1774 + -993. What is the tens digit of r?
8
Let t = 60 - 35. Suppose -4*m = -3*m - t. Let w = 47 - m. What is the tens digit of w?
2
Let f = 1262 - 897. What is the units digit of f?
5
Suppose g - 261 = 4*g. Let k(m) = -15*m + 30. Let y be k(11). Let o = g - y. What is the tens digit of o?
4
Suppose -z - 3*h = 22, 3*z = 5*z + h + 64. Let v = -1 - z. What is the units digit of v?
3
Suppose 4*a - 131 = 149. Suppose 0 = q + 5*t - a, -4*t = t + 15. What is the units digit of q?
5
Let c be 5 + -2 - (-150)/3. Let f = c + 49. What is the hundreds digit of f?
1
Let q(s) = -12*s**3 + 4*s**2 + 3*s - 1. Let n = 46 + -48. What is the tens digit of q(n)?
0
What is the hundreds digit of 1582/2 + 0*6/24?
7
Let w be 13/(-2)*(1 + -3). Suppose p = w - 9. Suppose 0 = -4*z - 2*h + 6, 0*z - 2*z + p*h + 8 = 0. What is the units digit of z?
2
Let u(c) = c**2 + 4*c - 8. Let w be u(-5). Let i(k) = k**3 + 2*k**2 - 5*k - 2. Let r be i(w). Suppose -r*g = -6*g + 92. What is the units digit of g?
6
Suppose -568 = -4*j - 10*v + 6*v, 2*j = 2*v + 284. What is the tens digit of j?
4
Let z(d) = 41*d**2 + 10*d + 29. What is the units digit of z(-3)?
8
What is the hundreds digit of (5/(-2))/((-4)/2616)?
6
Let h be 3/(-6) - (-138)/4. Suppose 5*u - 2*w = 190, -u + 38 = -4*w + 6*w. Suppose -164 = h*c - u*c. What is the tens digit of c?
4
Suppose 0 = -3*l - 110 + 119. Let d = l + 11. What is the units digit of d?
4
Let x be -2 - (15/1)/(-5). Suppose 2*s + 198 = 2*h - 38, 0 = s + x. What is the tens digit of h?
1
Suppose v + 1 = -c, 2*v + 0*v - 5*c - 19 = 0. Suppose 0 = -v*m + 8, -4*p + m = -4*m + 12. Suppose -p*l + 5 = -11. What is the units digit of l?
8
Let n = 13 + -26. Suppose -a + 143 = -3*z, -3*a - 106 = 4*z + 89. Let r = n - z. What is the tens digit of r?
3
Let c(a) = -3*a**2 - 3*a - 4. Let n be c(-2). What is the units digit of 17 + 0 + n/(-5)?
9
Suppose 67*g = 63*g + 4220. What is the units digit of g?
5
Let f(j) be the third derivative of j**5/30 - j**4/4 + 11*j**3/6 + 12*j**2. What is the units digit of f(-4)?
7
Suppose 0 = -6*g + 5*g + 570. What is the units digit of g?
0
Let i = 3044 + -1990. What is the tens digit of i?
5
Suppose 3*h - 16 = -2*a, a - 12 = 5*a - 5*h. Suppose -c + 0 = 3, -a*c = 2*f - 96. What is the tens digit of f?
5
Suppose 0 = 2*u - 4*u + 34. Suppose 0 = 3*q - h - u, -4*q + h + 1 = 4*h. Suppose 2*t - 2*l = -5*l + 39, 5*t - 87 = -q*l. What is the tens digit of t?
1
Let x(z) = z**3 - 22*z**2 - 9. Let p be x(22). Let g(o) = -7*o - 4. Let k be g(-5). Let r = p + k. What is the tens digit of r?
2
Suppose -5036 = -13*a + 5234. Suppose 7*t = 337 + a. What is the units digit of t?
1
Let o(d) = 15*d**2 + 15*d + 1. Let n(v) = -3*v**2 - 3*v. Let i(j) = -11*n(j) - 2*o(j). What is the units digit of i(5)?
8
Suppose -8 = 4*r + 24. Let j = r - -10. What is the units digit of 1 + 0 + j + 1?
4
Let j(r) = r**2 + 3*r + 2. Suppose 2*n = -5*g - n - 28, 4*g + 18 = 2*n. Let l(m) = m**2 + 2*m + 2. Let f(v) = g*j(v) + 6*l(v). What is the units digit of f(3)?
2
Let p = -702 + 1142. What is the hundreds digit of p?
4
Let q(x) = 184*x - 477. What is the hundreds digit of q(18)?
8
Let b(g) = -g**3 - 18*g**2 - 8*g - 3. Let i be b(-9). What is the tens digit of (1 - 1) + i/(-10)?
6
Suppose -26860 = 4*g - 38*g. What is the tens digit of g?
9
Let i = -57 - -369. What is the tens digit of i?
1
Suppose -669 = -8*d + 3139. Suppose 5*a + v + v = d, 4*v + 8 = 0. What is the units digit of a?
6
Suppose -2*a + 0*a = 24. Let i(m) = -m**3 - 12*m**2 - m - 10. Let d be i(a). What is the units digit of d/3*(-3 + 36)?
2
Let d(h) = 17*h**3 + 4*h**2 - 6*h + 4. Let m be d(2). Suppose 5*j + 3*r = 357, 4*r - 217 = -5*j + m. What is the units digit of j?
9
Let r(b) = 14*b - 13. Let k be r(13). Suppose 6*h = 35 + k. What is the units digit of h?
4
What is the hundreds digit of 1/7 + 1139944/728?
5
Let m be -6*(-2 - 10/(-4))/(-1). Suppose -m*r + 433 + 74 = 0. What is the units digit of r?
9
Let x(v) = -78*v**2 + v**3 - 2*v + 44*v**2 + 40*v**2 + 5. Suppose 2*y + 5 = y. What is the tens digit of x(y)?
4
Suppose -3*k - k - 6 = -i, 2*i - 4*k = 8. Suppose 0 = -2*q - i*y - 4, 0 = -q - 0*q + 4*y + 8. What is the tens digit of (6 - -26) + (-1 - q)?
3
Suppose 0 = 48*b - 118053 - 125355. What is the thousands digit of b?
5
Let i(z) = -25*z - 819. What is the hundreds digit of i(-48)?
3
Suppose 2*t - 3*a = -t + 681, -t - 4*a + 232 = 0. Let f = -159 + t. What is the tens digit of f?
6
Suppose 5*b + 114 = 2*b. Let h = b + 13. Let d = h + 36. What is the tens digit of d?
1
Let l(i) = i**2 + 2*i + 2. Let m be l(-2). Suppose -2*t - 71 = -5*r, m*r + r - 3*t = 39. What is the units digit of r?
5
Let o be 3/(-2)*52/(-6). Suppose -g + o + 88 = 0. What is the units digit of g?
1
Let u(f) = 7*f + 5. Let k be u(-10). Let z = k + 189. What is the hundreds digit of z?
1
Let h be (-60)/(-40) + 5/2. Let u = h - -40. What is the tens digit of u?
4
Let l = 5 + 845. What is the hundreds digit of l?
8
Suppose -2*o + 14 = 5*o. Suppose 5*r = 3*a + 575, 5*a - 3*a - 214 = -o*r. What is the units digit of r?
2
What is the units digit of (-32 - 0)*23310/(-444)?
0
Suppose 49436 = 12*f - 19132. What is the thousands digit of f?
5
Suppose -2*u + 6 = 0, 5*q - 498 = 2*q + 5*u. What is the hundreds digit of q?
1
Suppose 5*z - 10 = 5*d, 2 = -z + 5*d - 8. Suppose -146 = -0*u - 2*u - 4*w, -341 = -z*u - 4*w. What is the units digit of 5/(5/u + 0)?
5
Let z = 11 + 1. Let n = z + -15. What is the tens digit of (n - 5) + 4 - -21?
1
Let z(i) = -32*i**2 - 6*i + 3. Let b(g) = g**2 - g + 1. Let q(d) = 3*b(d) - z(d). What is the hundreds digit of q(2)?
1
Suppose -289 = -3*x + 245. What is the tens digit of x?
7
Suppose 0*d - 8 = -4*t + 2*d, -4*d = -5*t + 10. Suppose t*g - s - 6 = g, 2*g + s = 3. What is the units digit of g?
3
Suppose 0 = 4*a + a. Let i(d) = 2*d + 25 + 10 + 3 - 3. What is the units digit of i(a)?
5
Let r(l) = -20*l - 31. Let k = 26 + -32. What is the tens digit of r(k)?
8
Let n(x) = -x**2 - 3*x + 3. Let a be n(-2). Suppose u = -a*u + 870. What is the units digit of u?
5
Let w be (-2)/(-12) - (-329)/42. Let r be 1146/(-2) + 0/w. What is the tens digit of (-10)/35 + r/(-21)?
2
Let a = 1 - -4. Let q(u) = -u**2 - u. Let c be q(0). Suppose -a*i + c*o + 257 = 2*o, o = 3*i - 163. What is the units digit of i?
3
Let i(z) = 317*z - 313. What is the units digit of i(19)?
0
Suppose 5*g = -37 + 332. Suppose -5*x = 4*i - g, -2*x = -4*i - 0*i - 18. Suppose x = -5*c + 46. What is the units digit of c?
7
Suppose 0 = -5*d - 3*s - 11, -7*s = -3*d - 2*s + 7. What is the tens digit of d*7/3*-72?
6
Suppose -30 = -5*c + 4*c. Let a = -46 + c. What is the tens digit of 198/8 + (-4)/a?
2
Let p = 516 - -109. What is the units digit of p?
5
Suppose 7 = h + 9. What is the tens digit of ((-6)/(-9)*-3)/(h/11)?
1
Let h be 294/(-21) - 2*-2. What is the units digit of (-84)/h - 28/70?
8
Suppose -2*k = 6, 7 + 5 = -4*f - 4*k. Suppose f = 2*y - 262 - 104. Suppose 3*j - y = -2*h, j + 2*h = 4*j - 195. What is the units digit of j?
3
Let w(g) = 3*g - 5. Let z be w(15). Suppose 6*q = q + z. What is the units digit of q?
8
Let j be 38/57 - (-370)/(-6). Let o = 131 + j. What is the tens digit of o?
7
Suppose 0*j = j. Let i(x) = x + 2*x + 10 + j*x. What is the units digit of i(-3)?
1
Let y(t) = -t. Let h(u) = -4*u + 2. Let c(n) = h(n) - 5*y(n). Let x = -3 + 6. What is the units digit of c(x)?
5
Suppose 0 = -72*y + 66*y + 6900. What is the tens digit of y?
5
Suppose 110019 - 587889 = -102*s. What is the units digit of s?
5
Let j be -8*(-8)/(-2) + 9 + -10. Let m = j - -213. What is the tens digit of m?
8
Let m(z) = 103*z**2 + 10*z - 125. What is the thousands digit of m(6)?
3
Suppose 6 = 7*y - 4*y. Let j(a) = -5*a - 9 + a + 3*a**2 - 2*a**y + 0*a. What is the units digit of j(8)?
3
Suppose 37*a - 15995 = -1195. What is the tens digit of a?
0
Suppose 0 = t + 5*u - 0*u - 5501, -5*t - 3*u + 27593 = 0. What is the tens digit of t?
2
Let c be 4/20 + (-19)/(-5). Suppose 0 = -c*d + 3*d - 4. Let y = d - -6. What is the units digit of y?
2
Suppose -r + 3*q = 5*q - 1316, 0 = r - 2*q - 1336. What is the hundreds digit 